Let f = 37 + t. Suppose -f*i - 120 = -7*i. What is the highest common factor of 12 and i?
12
Suppose 3*w - 3*f - 8 = -f, -f - 4 = 4*w. Suppose w*z + 152 = 8*z. Let h = 6 + 32. Calculate the highest common divisor of z and h.
19
Suppose -y = -4*o - 540, -13*y - 1664 = -16*y + o. Calculate the greatest common factor of 6 and y.
2
Suppose -4*t = -5*m + 68, -53*m - 52 = -54*m - 4*t. Calculate the highest common divisor of m and 7320.
20
Let h(c) = -83*c - 69. Let d(a) = -124*a - 104. Let l(i) = 5*d(i) - 7*h(i). Let x be l(-1). What is the greatest common divisor of 61 and x?
1
Let f(u) = u**2 - 97*u + 297. Let v be f(94). What is the greatest common divisor of v and 366?
3
Suppose -50 + 90 = 2*a. Let j be ((-3)/(-2))/(7/(-238)). Let h = 91 + j. Calculate the greatest common factor of h and a.
20
Let q(p) = 16*p - 8. Let y be q(5). Let i = y - -13. Suppose 3*x - i = -28. What is the highest common divisor of 266 and x?
19
Let j be -13*342/(-234) + 111. What is the greatest common factor of 5540 and j?
10
Suppose -59*y + 53*y + 8094 = 0. Suppose -16*g = -y - 731. Calculate the highest common factor of 65 and g.
65
Let v = 0 + 0. Let w(c) = -c**3 - 4*c**2 - c - 9. Let h be w(-4). Let d be (v + h/10)*-16. Calculate the greatest common divisor of d and 128.
8
Suppose -57510 = -115*w + 44*w. What is the highest common factor of w and 108?
54
Suppose -164*y = -4838 + 246. Calculate the greatest common divisor of 574 and y.
14
Let k be (18/(-54))/((-29254)/(-7314) - (-2 - -6)). Calculate the greatest common divisor of 184 and k.
23
Let w = 5468 - 5404. Calculate the highest common factor of 18 and w.
2
Suppose -6*j + 3*j - 63969 = -4*d, 4*d = 5*j + 63983. Calculate the greatest common divisor of 219 and d.
219
Let y be ((-2)/(-4)*-3)/((-153)/(-714)) - -1207. What is the greatest common factor of 270 and y?
30
Suppose -4*x - 8232 = 3*x. Let i be (6/7)/((-14)/x). Let s(d) = -3*d**3 - 49*d**2 - 17*d - 8. Let c be s(-16). Calculate the highest common factor of c and i.
8
Suppose -68*n = -46*n - 1377 - 471. What is the highest common divisor of n and 5019?
21
Let b be (-30)/(6*(-15)/2295). What is the greatest common divisor of b and 6?
3
Suppose -12*d - 8*d - 2440 = 0. Let j = d - -178. Calculate the greatest common divisor of j and 168.
56
Let r be 3/((-198)/12) - (-288)/132. Let o be 5/4*15*16. Suppose 8*b = r*b + o. Calculate the greatest common divisor of b and 20.
10
Let t be ((-360)/(-84))/(8/84). Let o = 528 + -408. What is the highest common factor of t and o?
15
Let k = 3173 + -3071. What is the greatest common divisor of 330 and k?
6
Suppose -z + 2*z - 3*p = 35, -4*z - 5*p = -89. Suppose 0 = 6*t - 433 - 3779. Suppose 5*a + t = 8*a. Calculate the greatest common divisor of a and z.
26
Suppose 0 = -12*u - 24, -2*o = 2*u - 18 - 6. Let f be (27/6)/(1/6). Suppose -3*h = -f - 15. What is the highest common factor of o and h?
14
Let i = -5172 - -5284. What is the greatest common factor of 14672 and i?
112
Suppose -2*v - 3*x + 8*x = -16, -2 = -2*v - 2*x. Let t(l) = 6*l + 8. Let c be t(v). What is the greatest common factor of c and 806?
26
Let s be -303*44*(63/(-27) + 2). What is the greatest common factor of 33 and s?
11
Suppose l + 31 - 33 = 0. Let d be 245/21 + l/6. What is the highest common factor of 792 and d?
12
Let i(a) = 13*a + 94. Let g(v) = -26*v - 187. Let d(r) = -4*g(r) - 7*i(r). Let j be d(-6). What is the greatest common factor of 228 and j?
12
Let h = 195 - 205. Let x be ((-4)/(-8))/1 - 195/h. Calculate the highest common divisor of 220 and x.
20
Suppose -7*c + 8*c = 5*i + 2320, -5*i = 3*c + 2340. Let f = i + 507. Calculate the greatest common factor of 196 and f.
14
Suppose 5*x = -5*k + 10, -2*x + 2*k = -3*k + 17. Let r be 5 + x - (-183)/3. Suppose -30*b + r = -25*b. What is the highest common divisor of b and 13?
13
Let d = 605 - 551. Suppose 47*s - d*s + 1309 = 0. What is the greatest common divisor of s and 85?
17
Let n be 13/((-6*8/(-112))/3). Calculate the highest common divisor of 715 and n.
13
Let z(f) = 14*f**2 - 8 - 1563*f + 775*f + 779*f - 7*f**2. Let o be z(-4). What is the highest common factor of 100 and o?
20
Let d be (3 - 140/(-12))/(26/8580). Calculate the highest common factor of 40 and d.
40
Let r be ((-4)/((-32)/(-40)))/(-1). Suppose -8*w + 6*w + 5*l = -663, r*w = 3*l + 1648. Calculate the highest common factor of w and 47.
47
Suppose 5*i - 3*k = 2*k - 430, i + 106 = -3*k. Let o = -51 - i. Let z be ((-255)/(-51))/(3 - (735/36)/7). What is the greatest common divisor of o and z?
20
Let x(h) = 9*h**2 - 12*h + 18. Let l be x(2). Let d(j) = j**2 - 5*j - 4. Let t = -2 + 9. Let w be d(t). Calculate the greatest common factor of l and w.
10
Let p(c) = -c**2 - 7*c + 5. Let m be p(-7). Suppose -25 - 51 = -z - k, -m*z = 3*k - 376. What is the greatest common factor of 37 and z?
37
Suppose 41*f = 6*f - 26*f + 61. Let g = -1 - 0. Let h be g*5*(1 + -2). Calculate the greatest common factor of f and h.
1
Suppose 0 = 3*h - 8*h - 240. Let j be (-1)/6 + (-632)/h. What is the greatest common factor of 403 and j?
13
Let g = 6383 - 6348. Let s = 302 - 211. Calculate the highest common divisor of s and g.
7
Suppose 3*j - 2*b - 1488 + 240 = 0, -2*b = -5*j + 2076. What is the greatest common factor of j and 288?
18
Let x(y) = y - 3. Let s(u) = -u + 5. Let r(h) = -4*s(h) - 10*x(h). Let q be r(0). Suppose -l - q = -36. What is the greatest common factor of l and 65?
13
Suppose -3*p + 8 = -o, -3*p + 13 = 2*o - 4*o. Let c = -53 - -61. Suppose -2*s + 2*w = 3*s - 55, -s + c = -w. What is the greatest common divisor of p and s?
1
Suppose 5*i - 2*x + 111 = 8*i, 3*i + 5*x = 120. Let c be (-15935)/(-35) + (-4)/14. What is the highest common divisor of i and c?
35
Suppose p = -2*p - 66. Let f be (-37449)/(-209) - (-4)/p. Let g = f - 83. What is the greatest common factor of 24 and g?
24
Suppose d - 4*c + 9*c = 448, -2*c + 1864 = 4*d. Let f be (d/63)/(-13) + 2640/14. Calculate the greatest common factor of f and 47.
47
Let u = 8800 + -8590. Calculate the highest common factor of 1750 and u.
70
Let x be (-5 - (1 + 7/(-1))) + 3. Let a be x/(-5) + (-687)/(-15). What is the highest common factor of a and 75?
15
Suppose 4*w - 611 = 3*l + 154, 2*w - 393 = 3*l. Calculate the highest common factor of 18321 and w.
93
Let z = 391 + -392. Let y be (z - 861/9)*(-54)/15. Calculate the highest common divisor of 87 and y.
87
Let c be -2 + 0 + 12/3. Suppose 120 = c*s + 22. Let w = 50 - s. Calculate the highest common factor of w and 5.
1
Let z = 1804 - 2591. Let a = 899 + z. Calculate the highest common divisor of 84 and a.
28
Suppose 3*g - 4*g + 70 = 0. Let v = g - 60. Suppose -136 = v*o - 14*o. What is the greatest common factor of o and 34?
34
Suppose -38*l + 103*l = -69940. Let q be (-332)/(-415) + l/(-5). Calculate the greatest common factor of 18 and q.
18
Let x be 21 + 3/(21/98). Calculate the greatest common factor of 65 and x.
5
Suppose 12*r + 132 = d + 10*r, 3*r + 261 = 2*d. Calculate the highest common divisor of d and 630.
126
Let n = -13569 - -13589. What is the highest common factor of 302 and n?
2
Let v = -259 - -279. Calculate the greatest common factor of v and 540.
20
Let f = 6710 + 8074. What is the highest common divisor of 231 and f?
231
Suppose 5*w = t - 23, 2*t - 14 = w + w. Suppose 120*f - t = 123*f. Let y be (4 - 2)/((2/(-154))/f). Calculate the highest common factor of 14 and y.
14
Suppose -2*u + 102 = 4*c, -5*u - c = -95 - 151. Let f = 84 - u. Calculate the highest common divisor of 280 and f.
35
Suppose 11*n - 300 = n. Let i be 45/9*(1368/n)/4. Calculate the highest common divisor of i and 3.
3
Suppose 0 = -4*f - n + 298, 3*n = -106*f + 104*f + 154. Let b = 75 - -332. What is the greatest common divisor of f and b?
37
Suppose 0*j - 4*j = -2*i + 8, -5*i - j = 2. Suppose k - 8 = -k - 4*p, i = 5*p - 5. Let o be (-5)/(-10) + 215/k. What is the highest common factor of o and 27?
27
Suppose -49 = -6*x - 13. Suppose -2*k - 12 = -x*k. Let o = 4 - k. What is the greatest common divisor of o and 8?
1
Suppose 3*d - 1206 = -3*x, 9*d - 14*d + 2030 = x. What is the greatest common factor of 99 and d?
11
Let u = 8 - 6. Let w be (-18 - -16) + (-20)/(-4). Suppose 3*h - w*d = -d + 158, -2*h = 3*d - 114. Calculate the highest common factor of u and h.
2
Supp